rue
Does 43 divide 1460?
False
Is 143 a factor of 15158?
True
Is 15 a factor of 7368?
False
Is 24 a factor of 8136?
True
Is 4 a factor of 992?
True
Does 75 divide 3814?
False
Is 1199 a multiple of 17?
False
Is 10 a factor of 967?
False
Is 2150 a multiple of 10?
True
Is 957 a multiple of 87?
True
Does 155 divide 6553?
False
Does 8 divide 81?
False
Does 78 divide 811?
False
Is 5 a factor of 7650?
True
Is 9 a factor of 143?
False
Does 12 divide 58392?
True
Is 5041 a multiple of 9?
False
Is 8700 a multiple of 100?
True
Is 36570 a multiple of 292?
False
Does 78 divide 2622?
False
Does 28 divide 616?
True
Does 17 divide 78659?
True
Does 17 divide 1496?
True
Does 32 divide 992?
True
Does 50 divide 1234?
False
Does 30 divide 15570?
True
Is 13056 a multiple of 24?
True
Is 15 a factor of 15304?
False
Does 64 divide 3584?
True
Is 48357 a multiple of 20?
False
Does 14 divide 3534?
False
Does 18 divide 1575?
False
Is 9499 a multiple of 20?
False
Is 6992 a multiple of 12?
False
Is 10 a factor of 9030?
True
Is 60097 a multiple of 63?
False
Does 9 divide 522?
True
Is 72 a factor of 792?
True
Does 65 divide 6894?
False
Is 5436 a multiple of 83?
False
Is 7 a factor of 585?
False
Is 449 a multiple of 3?
False
Is 25 a factor of 675?
True
Is 144 a factor of 51696?
True
Does 41 divide 27921?
True
Is 40 a factor of 49463?
False
Is 21637 a multiple of 89?
False
Does 3 divide 159?
True
Is 14 a factor of 4286?
False
Is 842 a multiple of 3?
False
Is 1254 a multiple of 11?
True
Is 1276 a multiple of 58?
True
Does 22 divide 418?
True
Is 1696 a multiple of 8?
True
Does 27 divide 1166?
False
Is 12 a factor of 1179?
False
Is 10445 a multiple of 46?
False
Is 7360 a multiple of 43?
False
Does 252 divide 80136?
True
Is 3712 a multiple of 16?
True
Is 38 a factor of 9500?
True
Is 602 a multiple of 16?
False
Does 15 divide 106?
False
Is 243 a multiple of 3?
True
Does 32 divide 17952?
True
Does 14 divide 66480?
False
Does 18 divide 5405?
False
Is 10 a factor of 3940?
True
Is 2772 a multiple of 42?
True
Is 5082 a multiple of 75?
False
Is 874 a multiple of 19?
True
Is 201 a multiple of 67?
True
Is 11088 a multiple of 44?
True
Is 94 a factor of 13254?
True
Is 29 a factor of 290?
True
Is 5376 a multiple of 112?
True
Is 560 a multiple of 11?
False
Is 2116 a multiple of 71?
False
Is 9191 a multiple of 101?
True
Is 44 a factor of 27896?
True
Does 50 divide 580?
False
Is 4897 a multiple of 135?
False
Is 152 a factor of 7594?
False
Is 39740 a multiple of 11?
False
Does 12 divide 4227?
False
Is 576 a multiple of 18?
True
Is 23 a factor of 15042?
True
Is 532 a multiple of 18?
False
Is 17 a factor of 124?
False
Is 4186 a multiple of 23?
True
Is 5859 a multiple of 6?
False
Is 6 a factor of 762?
True
Does 19 divide 2064?
False
Does 216 divide 373?
False
Is 109860 a multiple of 12?
True
Is 10 a factor of 3307?
False
Is 1470 a multiple of 2?
True
Does 26 divide 1222?
True
Is 5 a factor of 1985?
True
Is 1146 a multiple of 12?
False
Does 84 divide 50736?
True
Is 3854 a multiple of 7?
False
Does 21 divide 738?
False
Is 22 a factor of 666?
False
Does 75 divide 39750?
True
Is 5502 a multiple of 74?
False
Is 8 a factor of 5352?
True
Is 1363 a multiple of 53?
False
Is 11 a factor of 2357?
False
Is 27580 a multiple of 24?
False
Is 1152 a multiple of 8?
True
Is 1220 a multiple of 4?
True
Does 76 divide 1800?
False
Does 20 divide 8791?
False
Is 16 a factor of 65040?
True
Is 357 a multiple of 7?
True
Does 9 divide 45?
True
Is 7995 a multiple of 39?
True
Does 14 divide 190?
False
Is 31 a factor of 1693?
False
Is 55 a factor of 770?
True
Does 208 divide 3390?
False
Does 10 divide 1837?
False
Does 75 divide 1905?
False
Is 1365 a multiple of 7?
True
Does 15 divide 4198?
False
Is 4104 a multiple of 4?
True
Does 58 divide 8098?
False
Is 12 a factor of 1030?
False
Does 198 divide 75469?
False
Is 2587 a multiple of 7?
False
Is 42 a factor of 1275?
False
Is 2888 a multiple of 38?
True
Does 66 divide 733?
False
Does 20 divide 40318?
False
Is 21 a factor of 987?
True
Is 9180 a multiple of 30?
True
Does 12 divide 1713?
False
Is 22 a factor of 132?
True
Is 6 a factor of 22?
False
Does 48 divide 23424?
True
Is 55 a factor of 1788?
False
Is 4214 a multiple of 43?
True
Is 4 a factor of 1692?
True
Does 78 divide 991?
False
Is 17 a factor of 187?
True
Is 26077 a multiple of 24?
False
Is 15 a factor of 2445?
True
Does 11 divide 5014?
False
Is 1504 a multiple of 29?
False
Is 83 a factor of 15373?
False
Is 25248 a multiple of 4?
True
Does 71 divide 8804?
True
Is 29727 a multiple of 81?
True
Is 23 a factor of 437?
True
Is 79 a factor of 2212?
True
Does 14 divide 9534?
True
Is 25 a factor of 145?
False
Does 15 divide 11446?
False
Is 34169 a multiple of 47?
True
Does 122 divide 1814?
False
Is 106 a factor of 18868?
True
Is 26 a factor of 832?
True
Is 1656 a multiple of 60?
False
Does 9 divide 1158?
False
Is 48 a factor of 8498?
False
Is 34 a factor of 850?
True
Is 8 a factor of 2664?
True
Is 3 a factor of 94?
False
Does 6 divide 29?
False
Is 192 a multiple of 3?
True
Is 4 a factor of 28966?
False
Is 1211 a multiple of 173?
True
Does 68 divide 6170?
False
Is 57 a factor of 1425?
True
Is 11902 a multiple of 4?
False
Is 6952 a multiple of 44?
True
Is 7192 a multiple of 44?
False
Does 104 divide 89834?
False
Is 2665 a multiple of 18?
False
Is 4 a factor of 5190?
False
Does 115 divide 9592?
False
Is 10 a factor of 8010?
True
Is 3765 a multiple of 21?
False
Is 37 a factor of 22240?
False
Is 2346 a multiple of 14?
False
Does 44 divide 1848?
True
Is 627 a multiple of 63?
False
Is 18 a factor of 432?
True
Is 92 a factor of 19819?
False
Does 43 divide 11172?
False
Is 13 a factor of 21?
False
Is 933 a multiple of 47?
False
Is 2 a factor of 26?
True
Is 7 a factor of 1113?
True
Is 38 a factor of 553?
False
Does 23 divide 3726?
True
Does 60 divide 5807?
False
Is 3 a factor of 224?
False
Is 27 a factor of 694?
False
Is 141 a multiple of 3?
True
Is 9486 a multiple of 153?
True
Does 5 divide 4672?
False
Is 1859 a multiple of 26?
False
Is 20 a factor of 2440?
True
Is 8 a factor of 304?
True
Is 22830 a multiple of 5?
True
Is 8 a factor of 1000?
True
Is 19 a factor of 15523?
True
Is 202 even?
True
Does 5 divide 190?
True
Does 128 divide 3712?
True
Is 8 a factor of 4519?
False
Is 4612 a multiple of 35?
False
Is 26 a factor of 529?
False
Is 22 a factor of 404?
False
Is 48 a factor of 3261?
False
Is 26 a factor of 2619?
False
Does 11 divide 1166?
True
Is 136 a multiple of 12?
False
Does 52 divide 2236?
True
Is 8 a factor of 200?
True
Does 197 divide 21112?
False
Is 104492 a multiple of 302?
True
Is 559 a multiple of 13?
True
Is 18 a factor of 263?
False
Is 21 a factor of 4922?
False
Is 97 a factor of 194?
True
Is 11 a factor of 264?
True
Is 10 a factor of 5665?
False
Does 17 divide 41215?
False
Does 27 divide 3467?
False
Is 123 a factor of 2990?
False
Does 10 divide 13448?
False
Does 38 divide 38?
True
Is 3 a factor of 48847?
False
Is 15 a factor of 72?
False
Is 164850 a multiple of 157?
True
Is 7980 even?
True
Is 18 a factor of 724?
False
Does 6 divide 233?
False
Does 9 divide 1300?
False
Is 29993 a multiple of 32?
False
Does 30 divide 752?
False
Is 185 a factor of 39960?
True
Does 4 divide 984?
True
Is 16 a factor of 11648?
True
Is 175 a multiple of 35?
True
Is 73 a factor of 9125?
True
Is 6 a factor of 444?
True
Is 147 a multiple of 44?
False
Is 920 a multiple of 81?
False
Does 6 divide 611?
False
Is 66 a factor of 1737?
False
Is 4 a factor of 385?
False
Is 61 a factor of 915?
True
Is 21693 a multiple of 25?
False
Is 19 a factor of 15907?
False
Is 106 a factor of 2682?
False
Is 520 a multiple of 4?
True
Does 60 divide 14400?
True
Does 16 divide 21600?
True
Is 7830 a multiple of 54?
True
Is 12 a factor of 1212?
True
Is 325 a multiple of 16?
False
Is 5250 a multiple of 7?
True
Does 67 divide 80?
False
Is 1800 a multiple of 20?
True
Does 9 divide 207?
True
Is 86 a factor of 3445?
False
Is 251 a factor of 12048?
True
Is 5 a factor of 330?
True
Does 61 divide 23973?
True
Is 44 a factor of 308?
True
Is 31488 a multiple of 38?
False
Is 5329 a multiple of 73?
True
Is 51 a factor of 357?
True
Is 24 a factor of 24?
True
Is 225 a factor of 117675?
True
Is 4716 a multiple of 18?
True
Is 17378 a multiple of 247?
False
Does 43 divide 812?
False
Is 210 a multip